{"id":1225,"date":"2019-09-23T16:05:11","date_gmt":"2019-09-23T14:05:11","guid":{"rendered":"https:\/\/www.jetuil.asso.fr\/?page_id=1225"},"modified":"2022-09-09T15:32:42","modified_gmt":"2022-09-09T13:32:42","slug":"les-offres","status":"publish","type":"page","link":"https:\/\/www.jetuil.asso.fr\/index.php\/les-offres\/","title":{"rendered":"Nos offres d&#8217;abonnement"},"content":{"rendered":"\n<div class=\"wp-block-cover has-background-dim\" style=\"background-image:url(https:\/\/www.jetuil.asso.fr\/wp-content\/uploads\/2021\/01\/AFFICHE-4-PROGRAMMES-banni\u00e8re.jpeg)\"><div class=\"wp-block-cover__inner-container\">\n<h1 class=\"has-text-align-center\"><strong>Acc\u00e9dez d\u00e9sormais \u00e0 nos programmes en streaming&nbsp;via notre plateforme d\u2019abonnement sans engagement, ni publicit\u00e9s.<\/strong><\/h1>\n\n\n\n<p class=\"has-text-align-center jetuil_width80 jetuil_font27\"><strong>Naviguez d\u2019un programme \u00e0 l\u2019autre<\/strong>, selon le public auquel vous vous adressez, et <strong>enrichissez votre savoir-faire<\/strong> gr\u00e2ce aux documents mis \u00e0 votre disposition par&nbsp;Virginie Dumont, psychologue clinicienne, et toute notre \u00e9quipe : chacun de nos programmes dispose des <strong>ressources p\u00e9dagogiques<\/strong> \u00e0 m\u00eame de vous en permettre l\u2019appropriation et l\u2019utilisation, en toute autonomie.<\/p>\n<\/div><\/div>\n\n\n\n<p class=\"has-text-align-center jetuil_width80 jetuil_font27\">Nous vous proposons <strong>deux formules diff\u00e9rentes<\/strong> vous permettant de vous abonner et d&#8217;avoir acc\u00e8s \u00e0 l&#8217;int\u00e9gralit\u00e9 des films et des documents p\u00e9dagogiques : <strong>une formule annuelle <\/strong>\u00e0 89,90\u20ac et <strong>un abonnement mensuel<\/strong>, sans dur\u00e9e d&#8217;engagement, \u00e0 14,90\u20ac par mois. <\/p>\n\n\n\n<p class=\"has-text-align-center jetuil_width80 jetuil_font21\">Pour souscrire un abonnement par carte bancaire, rien de plus simple ! Suivez les liens ci-dessous et profitez de votre abonnement en quelques minutes. <\/p>\n\n\n\n<div class=\"wp-block-image\"><figure class=\"aligncenter is-resized\"><img loading=\"lazy\" src=\"https:\/\/www.jetuil.asso.fr\/wp-content\/uploads\/2019\/09\/images2.png\" alt=\"\" class=\"wp-image-1512\" width=\"96\" height=\"96\" srcset=\"https:\/\/www.jetuil.asso.fr\/wp-content\/uploads\/2019\/09\/images2.png 229w, https:\/\/www.jetuil.asso.fr\/wp-content\/uploads\/2019\/09\/images2-150x150.png 150w, https:\/\/www.jetuil.asso.fr\/wp-content\/uploads\/2019\/09\/images2-100x100.png 100w\" sizes=\"(max-width: 96px) 100vw, 96px\" \/><\/figure><\/div>\n\n\n\n<p class=\"has-text-align-center jetuil_width66 jetuil_font27\"><strong>Vous souhaitez un abonnement annuel mais votre \u00e9tablissement ne peut pas, techniquement, souscrire \u00e0 un paiement sur internet ?<\/strong><\/p>\n\n\n\n<p class=\"has-text-align-center jetuil_width80 jetuil_font27\">Pas de probl\u00e8me : \u00e9crivez-nous \u00e0 l&#8217;adresse<strong> info@jetuil.asso.fr<\/strong><\/p>\n\n\n\n<p class=\"has-text-align-center jetuil_width80 jetuil_font27\">Nous d\u00e9terminerons ensemble votre identifiant et votre moyen de paiement, et votre abonnement sera cr\u00e9\u00e9 dans la foul\u00e9e. <\/p>\n\n\n\n<p class=\"has-text-align-center jetuil_width80 jetuil_font27\">Vous pouvez \u00e9galement directement nous faire une demande de devis ci-dessous.  <\/p>\n\n\n\n<div class=\"wp-block-image\"><figure class=\"aligncenter is-resized\"><img loading=\"lazy\" src=\"https:\/\/www.jetuil.asso.fr\/wp-content\/uploads\/2021\/01\/logoJTL-traits.jpg\" alt=\"\" class=\"wp-image-5586\" width=\"117\" height=\"96\"\/><\/figure><\/div>\n\n\n\n<p class=\"has-text-align-center jetuil_width80 jetuil_font27\"><strong>Vous avez besoin au pr\u00e9alable d&#8217;un devis ?<\/strong> <\/p>\n\n\n\n<p class=\"has-text-align-center jetuil_width80 jetuil_font27\">Toujours pareil :<\/p>\n\n\n\n<p class=\"has-text-align-center jetuil_width80 jetuil_font27\"><strong>info@jetuil.asso.fr<\/strong>, en nous pr\u00e9cisant bien l&#8217;adresse compl\u00e8te de la structure au nom de laquelle vous souhaitez que le devis soit r\u00e9dig\u00e9. Il vous sera ensuite envoy\u00e9 dans la journ\u00e9e par mail. Ou sinon, encore plus simple, compl\u00e9tez notre <a rel=\"noreferrer noopener\" href=\"https:\/\/www.jetuil.asso.fr\/index.php\/demande-de-devis\/\" target=\"_blank\">formulaire de demande de devis<\/a>. Celui-ci arrivera ensuite dans les 24h.  <\/p>\n\n\n\n<div id=\"paiementcarte\" class=\"wp-block-image\"><figure class=\"aligncenter is-resized\"><img loading=\"lazy\" src=\"https:\/\/www.jetuil.asso.fr\/wp-content\/uploads\/2021\/01\/logoJTL-fl\u00e8ches.jpg\" alt=\"\" class=\"wp-image-5588\" width=\"70\" height=\"122\"\/><\/figure><\/div>\n\n\n\n<p class=\"has-text-align-center jetuil_width80 jetuil_font27\" id=\"paiement-carte\">Pour un paiement par carte bancaire, c&#8217;est ici : <\/p>\n\n\n\n<div style=\"height:30px\" aria-hidden=\"true\" class=\"wp-block-spacer\"><\/div>\n\n\n\n<p class=\"jetuil_width80 jetuil_font27 has-vivid-red-color has-text-color\"><strong>L&#8217;abonnement annuel, \u00e0 89,90\u20ac :<\/strong><\/p>\n\n\n\n<ul id=\"block-9f20149b-524b-4ddf-bd78-48cbfe53b4a9\" class=\"jetuil_width80 jetuil_font21\"><li>acc\u00e8s \u00e0 l&#8217;int\u00e9gralit\u00e9 des programmes et des documents p\u00e9dagogiques<\/li><li>50% de r\u00e9duction par rapport \u00e0 l&#8217;abonnement mensuel<\/li><li>Renouvelable sur demande (pas de renouvellement automatique)<\/li><li>jusqu&#8217;\u00e0 5 utilisateurs simultan\u00e9s<\/li><\/ul>\n\n\n<div class=\"woocommerce columns-4 \"><ul class=\"products columns-4\">\n<li class=\"product type-product post-84 status-publish first instock product_cat-non-classe virtual sold-individually taxable purchasable product-type-subscription\">\n\t<div class=\"woocommerce_excerpt\"><ul>\r\n \t<li>renouvellement sur demande<\/li>\r\n \t<li>acc\u00e8s \u00e0 l\u2019int\u00e9gralit\u00e9 des programmes<\/li>\r\n \t<li>acc\u00e8s aux documents p\u00e9dagogiques<\/li>\r\n \t<li>jusqu'\u00e0 cinq utilisateurs simultan\u00e9s<\/li>\r\n<\/ul>\t<\/div>\n\t<\/li>\n<\/ul>\n<\/div>\n\n\n\n<p class=\"jetuil_width80 jetuil_font27 has-vivid-red-color has-text-color\">ou<strong> l&#8217;abonnement mensuel, \u00e0 14,90\u20ac\/mois :<\/strong><\/p>\n\n\n\n<ul id=\"block-9f20149b-524b-4ddf-bd78-48cbfe53b4a9\" class=\"jetuil_width80 jetuil_font21\"><li>acc\u00e8s \u00e0 l&#8217;int\u00e9gralit\u00e9 des programmes et des documents p\u00e9dagogiques<\/li><li>Renouvellement mensuel automatique, sans engagement de dur\u00e9e, interruption en un clic <\/li><li>jusqu&#8217;\u00e0 5 utilisateurs simultan\u00e9s<\/li><\/ul>\n\n\n<div class=\"woocommerce columns-4 \"><ul class=\"products columns-4\">\n<li class=\"product type-product post-85 status-publish first instock product_cat-non-classe virtual sold-individually taxable purchasable product-type-subscription\">\n\t<div class=\"woocommerce_excerpt\"><ul>\r\n \t<li>sans engagement<\/li>\r\n \t<li>acc\u00e8s \u00e0 l\u2019int\u00e9gralit\u00e9 des programmes<\/li>\r\n \t<li>acc\u00e8s aux documents p\u00e9dagogiques<\/li>\r\n \t<li>un utilisateur unique<\/li>\r\n<\/ul>\t<\/div>\n\t<\/li>\n<\/ul>\n<\/div>\n\n\n\n<div style=\"height:20px\" aria-hidden=\"true\" class=\"wp-block-spacer\"><\/div>\n\n\n\n<p class=\"has-text-align-center jetuil_width80 jetuil_font27\"><strong>\u201cJe.tu.il\u2026\u201d est une association<\/strong>. L\u2019argent g\u00e9n\u00e9r\u00e9 par la distribution de nos programmes contribue au remboursement de leurs co\u00fbts de production et \u00e0 financer la capacit\u00e9 de l&#8217;association \u00e0 penser, cr\u00e9er, former, intervenir&#8230;<\/p>\n\n\n\n<p class=\"has-text-align-center jetuil_width80 jetuil_font27\"><strong>Pour plus de pr\u00e9cisions ou pour toute question quant \u00e0 nos diff\u00e9rentes formules d&#8217;abonnement, notre \u00e9quipe se tient \u00e0 votre disposition par mail (info@jetuil.asso.fr), ou par t\u00e9l\u00e9phone au 01.42.27.02.27. <\/strong><\/p>\n\n\n\n<div class=\"wp-block-image\"><figure class=\"aligncenter is-resized\"><img loading=\"lazy\" src=\"https:\/\/www.jetuil.asso.fr\/wp-content\/uploads\/2019\/09\/images2.png\" alt=\"\" class=\"wp-image-1512\" width=\"96\" height=\"96\" srcset=\"https:\/\/www.jetuil.asso.fr\/wp-content\/uploads\/2019\/09\/images2.png 229w, https:\/\/www.jetuil.asso.fr\/wp-content\/uploads\/2019\/09\/images2-150x150.png 150w, https:\/\/www.jetuil.asso.fr\/wp-content\/uploads\/2019\/09\/images2-100x100.png 100w\" sizes=\"(max-width: 96px) 100vw, 96px\" \/><\/figure><\/div>\n\n\n\n<p class=\"has-text-align-center jetuil_width66 jetuil_font21\">Certains de nos programmes sont encore disponibles au d\u00e9tail.<\/p>\n\n\n\n<p class=\"has-text-align-center jetuil_width66 jetuil_font21\"><strong><a href=\"https:\/\/www.jetuil.asso.fr\/index.php\/nos-offres-dvd\/\">D\u00e9couvrez notre offre DVD.<\/a><\/strong><\/p>\n\n\n\n<div style=\"height:40px\" aria-hidden=\"true\" class=\"wp-block-spacer\"><\/div>\n\n\n\n<figure class=\"wp-block-gallery aligncenter columns-4 is-cropped\"><ul class=\"blocks-gallery-grid\"><li class=\"blocks-gallery-item\"><figure><img loading=\"lazy\" width=\"696\" height=\"1024\" src=\"https:\/\/www.jetuil.asso.fr\/wp-content\/uploads\/2019\/09\/pochette-dvd-Ce-Je-e1568908982332-696x1024.jpg\" alt=\"\" data-id=\"804\" data-full-url=\"https:\/\/www.jetuil.asso.fr\/wp-content\/uploads\/2019\/09\/pochette-dvd-Ce-Je-e1603360487860.jpg\" data-link=\"https:\/\/www.jetuil.asso.fr\/?attachment_id=804\" class=\"wp-image-804\"\/><\/figure><\/li><li class=\"blocks-gallery-item\"><figure><img loading=\"lazy\" width=\"719\" height=\"1024\" src=\"https:\/\/www.jetuil.asso.fr\/wp-content\/uploads\/2019\/09\/COUV-719x1024.jpg\" alt=\"\" data-id=\"1039\" data-full-url=\"https:\/\/www.jetuil.asso.fr\/wp-content\/uploads\/2019\/09\/COUV.jpg\" data-link=\"https:\/\/www.jetuil.asso.fr\/couv\/\" class=\"wp-image-1039\" srcset=\"https:\/\/www.jetuil.asso.fr\/wp-content\/uploads\/2019\/09\/COUV-719x1024.jpg 719w, https:\/\/www.jetuil.asso.fr\/wp-content\/uploads\/2019\/09\/COUV-211x300.jpg 211w, https:\/\/www.jetuil.asso.fr\/wp-content\/uploads\/2019\/09\/COUV-768x1093.jpg 768w, https:\/\/www.jetuil.asso.fr\/wp-content\/uploads\/2019\/09\/COUV-600x854.jpg 600w, https:\/\/www.jetuil.asso.fr\/wp-content\/uploads\/2019\/09\/COUV.jpg 1718w\" sizes=\"(max-width: 719px) 100vw, 719px\" \/><\/figure><\/li><li class=\"blocks-gallery-item\"><figure><img loading=\"lazy\" width=\"716\" height=\"1024\" src=\"https:\/\/www.jetuil.asso.fr\/wp-content\/uploads\/2019\/12\/jaquette-CAM2-716x1024.jpeg\" alt=\"\" data-id=\"2750\" data-full-url=\"https:\/\/www.jetuil.asso.fr\/wp-content\/uploads\/2019\/12\/jaquette-CAM2.jpeg\" data-link=\"https:\/\/www.jetuil.asso.fr\/index.php\/les-offres\/jaquette-cam2\/\" class=\"wp-image-2750\" srcset=\"https:\/\/www.jetuil.asso.fr\/wp-content\/uploads\/2019\/12\/jaquette-CAM2-716x1024.jpeg 716w, https:\/\/www.jetuil.asso.fr\/wp-content\/uploads\/2019\/12\/jaquette-CAM2-210x300.jpeg 210w, https:\/\/www.jetuil.asso.fr\/wp-content\/uploads\/2019\/12\/jaquette-CAM2-768x1099.jpeg 768w, https:\/\/www.jetuil.asso.fr\/wp-content\/uploads\/2019\/12\/jaquette-CAM2-600x858.jpeg 600w, https:\/\/www.jetuil.asso.fr\/wp-content\/uploads\/2019\/12\/jaquette-CAM2.jpeg 864w\" sizes=\"(max-width: 716px) 100vw, 716px\" \/><\/figure><\/li><li class=\"blocks-gallery-item\"><figure><img loading=\"lazy\" width=\"725\" height=\"1024\" src=\"https:\/\/www.jetuil.asso.fr\/wp-content\/uploads\/2020\/10\/DVD-p\u00e9dago-725x1024.jpg\" alt=\"\" data-id=\"4001\" data-full-url=\"https:\/\/www.jetuil.asso.fr\/wp-content\/uploads\/2020\/10\/DVD-p\u00e9dago.jpg\" data-link=\"https:\/\/www.jetuil.asso.fr\/?attachment_id=4001\" class=\"wp-image-4001\" srcset=\"https:\/\/www.jetuil.asso.fr\/wp-content\/uploads\/2020\/10\/DVD-p\u00e9dago-725x1024.jpg 725w, https:\/\/www.jetuil.asso.fr\/wp-content\/uploads\/2020\/10\/DVD-p\u00e9dago-212x300.jpg 212w, https:\/\/www.jetuil.asso.fr\/wp-content\/uploads\/2020\/10\/DVD-p\u00e9dago-600x848.jpg 600w, https:\/\/www.jetuil.asso.fr\/wp-content\/uploads\/2020\/10\/DVD-p\u00e9dago.jpg 762w\" sizes=\"(max-width: 725px) 100vw, 725px\" \/><\/figure><\/li><\/ul><\/figure>\n\n\n\n<div style=\"height:40px\" aria-hidden=\"true\" class=\"wp-block-spacer\"><\/div>\n\n\n\n<div class=\"wp-block-image\"><figure class=\"aligncenter is-resized\"><img loading=\"lazy\" src=\"https:\/\/www.jetuil.asso.fr\/wp-content\/uploads\/2019\/09\/images2.png\" alt=\"\" class=\"wp-image-1512\" width=\"96\" height=\"96\" srcset=\"https:\/\/www.jetuil.asso.fr\/wp-content\/uploads\/2019\/09\/images2.png 229w, https:\/\/www.jetuil.asso.fr\/wp-content\/uploads\/2019\/09\/images2-150x150.png 150w, https:\/\/www.jetuil.asso.fr\/wp-content\/uploads\/2019\/09\/images2-100x100.png 100w\" sizes=\"(max-width: 96px) 100vw, 96px\" \/><\/figure><\/div>\n","protected":false},"excerpt":{"rendered":"<p>Nous vous proposons deux formules diff\u00e9rentes vous permettant de vous abonner et d&#8217;avoir acc\u00e8s \u00e0 l&#8217;int\u00e9gralit\u00e9 des films et des documents p\u00e9dagogiques : une formule annuelle \u00e0 89,90\u20ac et un abonnement mensuel, sans dur\u00e9e d&#8217;engagement, \u00e0 14,90\u20ac par mois. Pour souscrire un abonnement par carte bancaire, rien de plus simple ! Suivez les liens ci-dessous [&hellip;]<\/p>\n","protected":false},"author":1,"featured_media":0,"parent":0,"menu_order":0,"comment_status":"closed","ping_status":"closed","template":"","meta":[],"_links":{"self":[{"href":"https:\/\/www.jetuil.asso.fr\/index.php\/wp-json\/wp\/v2\/pages\/1225"}],"collection":[{"href":"https:\/\/www.jetuil.asso.fr\/index.php\/wp-json\/wp\/v2\/pages"}],"about":[{"href":"https:\/\/www.jetuil.asso.fr\/index.php\/wp-json\/wp\/v2\/types\/page"}],"author":[{"embeddable":true,"href":"https:\/\/www.jetuil.asso.fr\/index.php\/wp-json\/wp\/v2\/users\/1"}],"replies":[{"embeddable":true,"href":"https:\/\/www.jetuil.asso.fr\/index.php\/wp-json\/wp\/v2\/comments?post=1225"}],"version-history":[{"count":203,"href":"https:\/\/www.jetuil.asso.fr\/index.php\/wp-json\/wp\/v2\/pages\/1225\/revisions"}],"predecessor-version":[{"id":7526,"href":"https:\/\/www.jetuil.asso.fr\/index.php\/wp-json\/wp\/v2\/pages\/1225\/revisions\/7526"}],"wp:attachment":[{"href":"https:\/\/www.jetuil.asso.fr\/index.php\/wp-json\/wp\/v2\/media?parent=1225"}],"curies":[{"name":"wp","href":"https:\/\/api.w.org\/{rel}","templated":true}]}}