{"id":1617,"date":"2019-10-14T04:11:55","date_gmt":"2019-10-14T02:11:55","guid":{"rendered":"https:\/\/www.jetuil.asso.fr\/?page_id=1617"},"modified":"2021-03-05T14:37:52","modified_gmt":"2021-03-05T13:37:52","slug":"cet-autre-que-moi-2006","status":"publish","type":"page","link":"https:\/\/www.jetuil.asso.fr\/index.php\/cet-autre-que-moi-2006\/","title":{"rendered":"Cet Autre que Moi &#8211; le programme"},"content":{"rendered":"<div class=\"jetuil-programme-banner jetuil-programme-homebanner\">\n\t<div class=\"banner_bg\" style=\"background-image: url('https:\/\/www.jetuil.asso.fr\/wp-content\/uploads\/videos_jetuil\/programmes\/cet_autre2\/bg.jpg')\">\n\t\t<div class=\"banner_content\">\n\t\t\t<div class=\"banner_img\">\n    \t\t\t<img src=\"https:\/\/www.jetuil.asso.fr\/wp-content\/uploads\/videos_jetuil\/programmes\/cet_autre2\/thumbnail.png\"\/>\n    \t\t<\/div>\n    \t\t<div class=\"banner_text\">\n    \t\t\t<img src=\"https:\/\/www.jetuil.asso.fr\/wp-content\/uploads\/videos_jetuil\/programmes\/cet_autre2\/logo.png\"\/>\n    \t\t\t<div class=\"stitre\">programme d\u2019\u00e9ducation \u00e0 la responsabilit\u00e9 sexuelle et affective dans un but de pr\u00e9vention des violences entre les jeunes<\/div>\n    \t\t\t<div class=\"desc\">A destination des adolescents de 11 \u00e0 15 ans.<\/div>\n    \t\t\t<div class=\"sdesc\"><\/div>\n    \t\t<\/div>\n    \t<\/div>\n\t<\/div>\n\t\n\t\n<\/div>\n\n\n\n<h1 class=\"has-text-align-center\">Parce que tout adulte contribue \u00e0 r\u00e9guler <strong>les relations entre les jeunes<\/strong> et \u00e0 d\u00e9velopper chez eux <strong>le respect de soi et de l\u2019autre et l\u2019acceptation des diff\u00e9rences<\/strong>, \u00ab Cet autre que moi \u00bb est tout autant un outil de travail pour les adultes vivant au contact des adolescents, qu\u2019un outil de m\u00e9diation entre filles et gar\u00e7ons, entre jeunes et adultes, devant servir de support \u00e0 un d\u00e9bat, c\u2019est \u00e0 dire \u00e0 <strong>une r\u00e9flexion de groupe autour des probl\u00e9matiques pos\u00e9es par les fictions<\/strong>, de fa\u00e7on \u00e0 cr\u00e9er une forme d\u2019intelligence collective.<\/h1>\n\n\n\n<div style=\"height:80px\" aria-hidden=\"true\" class=\"wp-block-spacer\"><\/div>\n\n\n\n<div class=\"wp-block-media-text alignwide has-media-on-the-right is-stacked-on-mobile jetuil_width80\"><figure class=\"wp-block-media-text__media\"><img loading=\"lazy\" width=\"1024\" height=\"577\" src=\"https:\/\/www.jetuil.asso.fr\/wp-content\/uploads\/2020\/11\/CAM2-vignette-F1-1024x577.jpeg\" alt=\"\" class=\"wp-image-4612 size-full\" srcset=\"https:\/\/www.jetuil.asso.fr\/wp-content\/uploads\/2020\/11\/CAM2-vignette-F1-1024x577.jpeg 1024w, https:\/\/www.jetuil.asso.fr\/wp-content\/uploads\/2020\/11\/CAM2-vignette-F1-300x169.jpeg 300w, https:\/\/www.jetuil.asso.fr\/wp-content\/uploads\/2020\/11\/CAM2-vignette-F1-768x432.jpeg 768w, https:\/\/www.jetuil.asso.fr\/wp-content\/uploads\/2020\/11\/CAM2-vignette-F1-600x338.jpeg 600w\" sizes=\"(max-width: 1024px) 100vw, 1024px\" \/><\/figure><div class=\"wp-block-media-text__content\">\n<p class=\"jetuil_width80 jetuil_font27\">Le programme s\u2019appuie sur les questions li\u00e9es \u00e0 la pubert\u00e9, \u00e0 la sexualit\u00e9 et \u00e0 la diff\u00e9rence,  articulant autour de quatre fictions les th\u00e9matiques majeures de la jeune adolescence et illustrant comment les violences peuvent trouver racine dans des comportements ou des propos banalement sexistes.<\/p>\n<\/div><\/div>\n\n\n\n<div style=\"height:60px\" aria-hidden=\"true\" class=\"wp-block-spacer\"><\/div>\n\n\n\n<div class=\"wp-block-media-text alignwide is-stacked-on-mobile jetuil_width80\"><figure class=\"wp-block-media-text__media\"><img loading=\"lazy\" width=\"1024\" height=\"791\" src=\"https:\/\/www.jetuil.asso.fr\/wp-content\/uploads\/2019\/12\/Amina-1024x791.jpeg\" alt=\"\" class=\"wp-image-2664 size-full\" srcset=\"https:\/\/www.jetuil.asso.fr\/wp-content\/uploads\/2019\/12\/Amina-1024x791.jpeg 1024w, https:\/\/www.jetuil.asso.fr\/wp-content\/uploads\/2019\/12\/Amina-300x232.jpeg 300w, https:\/\/www.jetuil.asso.fr\/wp-content\/uploads\/2019\/12\/Amina-768x593.jpeg 768w, https:\/\/www.jetuil.asso.fr\/wp-content\/uploads\/2019\/12\/Amina-600x463.jpeg 600w, https:\/\/www.jetuil.asso.fr\/wp-content\/uploads\/2019\/12\/Amina.jpeg 1524w\" sizes=\"(max-width: 1024px) 100vw, 1024px\" \/><\/figure><div class=\"wp-block-media-text__content\">\n<p class=\"jetuil_width80 jetuil_font27 has-large-font-size\"><strong>Objectif<\/strong><\/p>\n\n\n\n<p class=\"jetuil_width80 jetuil_font27\">Instaurer des espaces d&#8217;\u00e9changes, de mise en mots de la relation \u00e0 l&#8217;autre comme \u00e0 soi-m\u00eame, sources d&#8217;apaisement, de tranquillisation: en effet, l&#8217;\u00e9ducation \u00e0 la vie sexuelle et affective, s&#8217;articulant autour de l&#8217;alt\u00e9rit\u00e9, de la construction de soi et de la prise en compte de la diff\u00e9rence constitue en soi un outil de pr\u00e9vention et d&#8217;apaisement de la violence.&nbsp;<\/p>\n<\/div><\/div>\n\n\n\n<div style=\"height:80px\" aria-hidden=\"true\" class=\"wp-block-spacer\"><\/div>\n\n\n\n<h1 class=\"has-text-align-center\"><strong>Les films<\/strong><\/h1>\n\n\n\n<div style=\"height:50px\" aria-hidden=\"true\" class=\"wp-block-spacer\"><\/div>\n\n\n\n<div class=\"wp-block-media-text alignwide has-media-on-the-right is-stacked-on-mobile jetuil_width80\"><figure class=\"wp-block-media-text__media\"><img loading=\"lazy\" width=\"1024\" height=\"577\" src=\"https:\/\/www.jetuil.asso.fr\/wp-content\/uploads\/2019\/10\/CAM2-capt-1024x577.jpeg\" alt=\"\" class=\"wp-image-1681 size-full\" srcset=\"https:\/\/www.jetuil.asso.fr\/wp-content\/uploads\/2019\/10\/CAM2-capt-1024x577.jpeg 1024w, https:\/\/www.jetuil.asso.fr\/wp-content\/uploads\/2019\/10\/CAM2-capt-300x169.jpeg 300w, https:\/\/www.jetuil.asso.fr\/wp-content\/uploads\/2019\/10\/CAM2-capt-768x433.jpeg 768w, https:\/\/www.jetuil.asso.fr\/wp-content\/uploads\/2019\/10\/CAM2-capt-600x338.jpeg 600w\" sizes=\"(max-width: 1024px) 100vw, 1024px\" \/><\/figure><div class=\"wp-block-media-text__content\">\n<p class=\"jetuil_width80 jetuil_font27\"><strong>&#8220;Le sentiment amoureux&#8221;<\/strong>&nbsp;(dur\u00e9e:10&#8242;) est un film d&#8217;accueil du public dans sa dimension sensible. Illustrant l&#8217;adolescence dans ce qu&#8217;elle pr\u00e9sente de plus fondamentale, de plus joyeux mais aussi de plus complexe, ce film s&#8217;adresse aussi bien aux jeunes adolescents pr\u00e9-pub\u00e8res, qu&#8217;aux adolescents dont la pubert\u00e9 est quasi-achev\u00e9e.<\/p>\n<\/div><\/div>\n\n\n\n<div class=\"wp-block-media-text alignwide has-media-on-the-right is-stacked-on-mobile jetuil_width80\"><figure class=\"wp-block-media-text__media\"><img loading=\"lazy\" width=\"1024\" height=\"577\" src=\"https:\/\/www.jetuil.asso.fr\/wp-content\/uploads\/2019\/12\/CAM2-vignette-F2.2-1024x577.jpeg\" alt=\"\" class=\"wp-image-2614 size-full\" srcset=\"https:\/\/www.jetuil.asso.fr\/wp-content\/uploads\/2019\/12\/CAM2-vignette-F2.2-1024x577.jpeg 1024w, https:\/\/www.jetuil.asso.fr\/wp-content\/uploads\/2019\/12\/CAM2-vignette-F2.2-300x169.jpeg 300w, https:\/\/www.jetuil.asso.fr\/wp-content\/uploads\/2019\/12\/CAM2-vignette-F2.2-768x432.jpeg 768w, https:\/\/www.jetuil.asso.fr\/wp-content\/uploads\/2019\/12\/CAM2-vignette-F2.2-600x338.jpeg 600w\" sizes=\"(max-width: 1024px) 100vw, 1024px\" \/><\/figure><div class=\"wp-block-media-text__content\">\n<p class=\"jetuil_width80 jetuil_font27\">Le second film&nbsp;<strong>&#8220;la photo&#8221;&nbsp;<\/strong>(8&#8242;) et le troisi\u00e8me&nbsp;<strong>&#8220;la rumeur&#8221;<\/strong>&nbsp;(8&#8242;), traitent de la violence ordinaire dans deux contextes diff\u00e9rents et permettent d&#8217;aborder la notion de responsabilt\u00e9 individuelle et collective dans le cadre de la vie courante, que l&#8217;on soit auteur, victime, spectateur ou complice d&#8217;une violence, d&#8217;ordre physique, verbale ou psychologique.<\/p>\n<\/div><\/div>\n\n\n\n<div class=\"wp-block-media-text alignwide has-media-on-the-right is-stacked-on-mobile jetuil_width80\"><figure class=\"wp-block-media-text__media\"><img loading=\"lazy\" width=\"1024\" height=\"576\" src=\"https:\/\/www.jetuil.asso.fr\/wp-content\/uploads\/2019\/12\/CAM2-vignette-F4.2-1024x576.jpeg\" alt=\"\" class=\"wp-image-2631 size-full\" srcset=\"https:\/\/www.jetuil.asso.fr\/wp-content\/uploads\/2019\/12\/CAM2-vignette-F4.2-1024x576.jpeg 1024w, https:\/\/www.jetuil.asso.fr\/wp-content\/uploads\/2019\/12\/CAM2-vignette-F4.2-300x169.jpeg 300w, https:\/\/www.jetuil.asso.fr\/wp-content\/uploads\/2019\/12\/CAM2-vignette-F4.2-768x432.jpeg 768w, https:\/\/www.jetuil.asso.fr\/wp-content\/uploads\/2019\/12\/CAM2-vignette-F4.2-600x338.jpeg 600w\" sizes=\"(max-width: 1024px) 100vw, 1024px\" \/><\/figure><div class=\"wp-block-media-text__content\">\n<p class=\"jetuil_width80 jetuil_font27\">Le quatri\u00e8me film,&nbsp;<strong>&#8220;victime et coupable&#8221;&nbsp;<\/strong>(8&#8242;), permet de travailler avec les jeunes la notion de victime et de coupable dans le cadre d&#8217;une violence sexuelle : il nous semble en effet indispensable de rappeler que quel que soit le type d&#8217;interaction entre deux individus, la victime n&#8217;est jamais coupable, en particulier en mati\u00e8re de viol.<\/p>\n<\/div><\/div>\n\n\n\n<div style=\"height:50px\" aria-hidden=\"true\" class=\"wp-block-spacer\"><\/div>\n\n\n\n<h1 class=\"has-text-align-center\"><strong>Ces quatre films<\/strong>, dont le contenu et la transversalit\u00e9 des th\u00e8mes sont \u00e0 poss\u00e9der pour mener le d\u00e9bat,&nbsp;<strong>s&#8217;utilisent dans le cadre d&#8217;animations sp\u00e9cifiques et progressives :<\/strong>&nbsp;le premier film (<em>le sentiment amoureux<\/em>) s&#8217;adresse \u00e0 tous d\u00e8s l&#8217;\u00e2ge de 11 ans, les second (<em>la photo<\/em>) et troisi\u00e8me (<em>la rumeur<\/em>), r\u00e9unis sous le titre commun &#8220;la violence ordinaire&#8221;, s&#8217;adressent \u00e0 tous d\u00e8s l&#8217;\u00e2ge de 12 ans, le quatri\u00e8me film (<em>victime et coupable<\/em>) \u00e9tant r\u00e9serv\u00e9 aux plus \u00e2g\u00e9s (\u00e0 partir de 14 ans), du fait de la maturit\u00e9 d&#8217;analyse qu&#8217;il demande et de la situation \u00e9voqu\u00e9e.<\/h1>\n\n\n\n<div style=\"height:30px\" aria-hidden=\"true\" class=\"wp-block-spacer\"><\/div>\n\n\n\n<h1 class=\"has-text-align-center\">En fonction de leur \u00e2ge, le programme donnera lieu \u00e0 une, deux, trois voire quatre s\u00e9ances d&#8217;animation d&#8217;environ deux heures, espac\u00e9es de quelques semaines : <strong>inscrire l&#8217;action sur la dur\u00e9e avec un m\u00eame groupe est l&#8217;un des gages de ses effets<\/strong>.<\/h1>\n\n\n\n<h2 class=\"has-text-align-center\"><strong>d\u00e9couvrez le teaser<\/strong><\/h2>\n\n\n<div class=\"jetuil-programme-teaser\">\n        <video controls>\n        \t\t<source src=\"https:\/\/www.jetuil.asso.fr\/wp-content\/uploads\/videos_jetuil\/programmes\/cet_autre2\/teaser.mp4\"\/>\n        <\/video>\n<\/div>\n\n\n\n\n<div style=\"height:100px\" aria-hidden=\"true\" class=\"wp-block-spacer\"><\/div>\n\n\n\n<div class=\"wp-block-button aligncenter jetuil_font27 is-style-outline\"><a class=\"wp-block-button__link has-text-color\" href=\"https:\/\/www.jetuil.asso.fr\/index.php\/les-offres\/\" style=\"color:#79bafb\"><strong>NOS OFFRES D&#8217;ABONNEMENT<\/strong><\/a><\/div>\n\n\n\n<p class=\"has-text-align-center jetuil_font21\"><strong>&#8230;pour un acc\u00e8s \u00e0 l&#8217;int\u00e9gralit\u00e9 des programmes et documents p\u00e9dagogiques.<\/strong><\/p>\n\n\n\n<hr class=\"wp-block-separator\"\/>\n\n\n\n<div style=\"height:30px\" aria-hidden=\"true\" class=\"wp-block-spacer\"><\/div>\n\n\n\n<div class=\"wp-block-button aligncenter jetuil_font27 is-style-outline\"><a class=\"wp-block-button__link has-text-color\" href=\" https:\/\/www.jetuil.asso.fr\/index.php\/nos-offres-dvd\/\" style=\"color:#79bafb\"><strong>ACHETER LE DVD<\/strong><\/a><\/div>\n\n\n\n<p class=\"has-text-align-center jetuil_font21\"><strong>&#8230;et b\u00e9n\u00e9ficiez d&#8217;un mois d&#8217;abonnement gratuit, \u00e0 titre individuel, \u00e0 notre plateforme de streaming.<\/strong><\/p>\n\n\n\n<div style=\"height:30px\" aria-hidden=\"true\" class=\"wp-block-spacer\"><\/div>\n\n\n\n<div class=\"wp-block-image\"><figure class=\"aligncenter is-resized\"><img loading=\"lazy\" src=\"https:\/\/www.jetuil.asso.fr\/wp-content\/uploads\/2019\/09\/images2.png\" alt=\"\" class=\"wp-image-1512\" width=\"103\" height=\"103\" srcset=\"https:\/\/www.jetuil.asso.fr\/wp-content\/uploads\/2019\/09\/images2.png 229w, https:\/\/www.jetuil.asso.fr\/wp-content\/uploads\/2019\/09\/images2-150x150.png 150w, https:\/\/www.jetuil.asso.fr\/wp-content\/uploads\/2019\/09\/images2-100x100.png 100w\" sizes=\"(max-width: 103px) 100vw, 103px\" \/><\/figure><\/div>\n\n\n\n<div style=\"height:30px\" aria-hidden=\"true\" class=\"wp-block-spacer\"><\/div>\n","protected":false},"excerpt":{"rendered":"<p>Parce que tout adulte contribue \u00e0 r\u00e9guler les relations entre les jeunes et \u00e0 d\u00e9velopper chez eux le respect de soi et de l\u2019autre et l\u2019acceptation des diff\u00e9rences, \u00ab Cet autre que moi \u00bb est tout autant un outil de travail pour les adultes vivant au contact des adolescents, qu\u2019un outil de m\u00e9diation entre filles [&hellip;]<\/p>\n","protected":false},"author":2,"featured_media":0,"parent":0,"menu_order":0,"comment_status":"closed","ping_status":"closed","template":"","meta":[],"_links":{"self":[{"href":"https:\/\/www.jetuil.asso.fr\/index.php\/wp-json\/wp\/v2\/pages\/1617"}],"collection":[{"href":"https:\/\/www.jetuil.asso.fr\/index.php\/wp-json\/wp\/v2\/pages"}],"about":[{"href":"https:\/\/www.jetuil.asso.fr\/index.php\/wp-json\/wp\/v2\/types\/page"}],"author":[{"embeddable":true,"href":"https:\/\/www.jetuil.asso.fr\/index.php\/wp-json\/wp\/v2\/users\/2"}],"replies":[{"embeddable":true,"href":"https:\/\/www.jetuil.asso.fr\/index.php\/wp-json\/wp\/v2\/comments?post=1617"}],"version-history":[{"count":82,"href":"https:\/\/www.jetuil.asso.fr\/index.php\/wp-json\/wp\/v2\/pages\/1617\/revisions"}],"predecessor-version":[{"id":6583,"href":"https:\/\/www.jetuil.asso.fr\/index.php\/wp-json\/wp\/v2\/pages\/1617\/revisions\/6583"}],"wp:attachment":[{"href":"https:\/\/www.jetuil.asso.fr\/index.php\/wp-json\/wp\/v2\/media?parent=1617"}],"curies":[{"name":"wp","href":"https:\/\/api.w.org\/{rel}","templated":true}]}}