{"id":7909,"date":"2023-04-14T12:27:51","date_gmt":"2023-04-14T10:27:51","guid":{"rendered":"https:\/\/www.jetuil.asso.fr\/?page_id=7909"},"modified":"2026-04-15T12:00:29","modified_gmt":"2026-04-15T10:00:29","slug":"la-formation-en-visage","status":"publish","type":"page","link":"https:\/\/www.jetuil.asso.fr\/index.php\/la-formation-en-visage\/","title":{"rendered":"La Formation EN VISAGE"},"content":{"rendered":"\n<div class=\"wp-block-cover has-background-dim-30 has-background-dim has-background-gradient\" style=\"background-image:url(https:\/\/www.jetuil.asso.fr\/wp-content\/uploads\/2021\/02\/BANNIERE-FB-2.png)\"><span aria-hidden=\"true\" class=\"wp-block-cover__gradient-background\" style=\"background:radial-gradient(rgb(2,3,129) 74%,rgb(40,116,252) 100%)\"><\/span><div class=\"wp-block-cover__inner-container\">\n<p class=\"has-text-align-left has-large-font-size\"><strong>La Formation EN VISAGE<\/strong><\/p>\n\n\n\n<p class=\"jetuil_width80 jetuil_font27\"><em>Mise en place d\u2019une action d\u2019\u00e9ducation \u00e0 la responsabilit\u00e9 sexuelle, affective et citoyenne dans le cadre de la Promotion de la sant\u00e9 \u00e0 l\u2019adolescence \u00e0 partir de l\u2019outil de m\u00e9diation \u00ab EN VISAGE \u00bb<\/em><\/p>\n<\/div><\/div>\n\n\n\n<div style=\"height:50px\" aria-hidden=\"true\" class=\"wp-block-spacer\"><\/div>\n\n\n\n<p class=\"jetuil_width80 jetuil_font21\"><strong>Destinataires<\/strong><\/p>\n\n\n\n<p class=\"jetuil_width80 jetuil_font21\">Professionnels de l\u2019\u00e9ducation, qu\u2019ils soient issus de l\u2019Education Nationale, de la Protection judiciaire de la jeunesse ou des associations, susceptibles d&#8217;intervenir aupr\u00e8s de jeunes de 12 \u00e0 15 ans (20 personnes maximum).<\/p>\n\n\n\n<div style=\"height:20px\" aria-hidden=\"true\" class=\"wp-block-spacer\"><\/div>\n\n\n\n<p class=\"jetuil_width80 jetuil_font21\"><strong>Objectif p\u00e9dagogique<\/strong><\/p>\n\n\n\n<p class=\"jetuil_width80 jetuil_font21\">R\u00e9unir des professionnels de l\u2019\u00e9ducation, de la pr\u00e9vention et de la protection de l\u2019adolescence autour des questions soulev\u00e9es par la probl\u00e9matique de l\u2019\u00e9ducation \u00e0 la responsabilit\u00e9 sexuelle, affective et citoyenne aupr\u00e8s des jeunes de 12 \u00e0 15 ans. (20 personnes maximum).<\/p>\n\n\n\n<div style=\"height:20px\" aria-hidden=\"true\" class=\"wp-block-spacer\"><\/div>\n\n\n\n<p class=\"jetuil_width80 jetuil_font21\"><strong>Objectif op\u00e9rationnel<\/strong><\/p>\n\n\n\n<p class=\"jetuil_width80 jetuil_font21\">Mise en place d\u2019une action d\u2019\u00e9ducation \u00e0 la responsabilit\u00e9 sexuelle, affective et citoyenne.<\/p>\n\n\n\n<div style=\"height:20px\" aria-hidden=\"true\" class=\"wp-block-spacer\"><\/div>\n\n\n\n<p class=\"jetuil_width80 jetuil_font21\">Cette formation<strong> interactive <\/strong>est anim\u00e9e par<strong> Bernard B\u00e9tr\u00e9mieux<\/strong>, directeur de l\u2019association et concepteur des programmes. <\/p>\n\n\n\n<div style=\"height:20px\" aria-hidden=\"true\" class=\"wp-block-spacer\"><\/div>\n\n\n\n<p class=\"jetuil_width80 jetuil_font21\"><strong>La formation se d\u00e9roule sur trois jours&nbsp;<\/strong>: deux journ\u00e9es cons\u00e9cutives de formation th\u00e9orique et de d\u00e9couverte du<strong> <a href=\"https:\/\/www.jetuil.asso.fr\/index.php\/en-visage\/\" target=\"_blank\" rel=\"noreferrer noopener\">programme&nbsp;\u00ab EN VISAGE \u00bb<\/a><\/strong><em>,&nbsp;<\/em>ainsi qu&#8217;une troisi\u00e8me journ\u00e9e de mise en application, trois \u00e0 quatre semaines plus tard.<\/p>\n\n\n\n<div style=\"height:20px\" aria-hidden=\"true\" class=\"wp-block-spacer\"><\/div>\n\n\n\n<p class=\"jetuil_width80 jetuil_font21\"><strong>Pr\u00e9alablement \u00e0 la formation\u00a0<\/strong>un document de travail \u00e9crit destin\u00e9 \u00e0 harmoniser les connaissances de l\u2019ensemble des professionnels participant \u00e0 la formation, en mati\u00e8re d\u2019adolescence et de comp\u00e9tences psycho-sociales, sera envoy\u00e9 \u00e0 l&#8217;ensemble des participants. <\/p>\n\n\n\n<div style=\"height:20px\" aria-hidden=\"true\" class=\"wp-block-spacer\"><\/div>\n\n\n\n<p class=\"jetuil_width80 jetuil_font21\">Aucun <strong>pr\u00e9requis<\/strong> ne conditionne la participation \u00e0 la formation.<\/p>\n\n\n\n<p class=\"jetuil_width80 jetuil_font21\">La formation peut \u00eatre suivie par des personnes en <strong>situation de handicap<\/strong>. <\/p>\n\n\n\n<div style=\"height:30px\" aria-hidden=\"true\" class=\"wp-block-spacer\"><\/div>\n\n\n\n<div class=\"wp-block-image\"><figure class=\"aligncenter size-large\"><img loading=\"lazy\" width=\"87\" height=\"152\" src=\"https:\/\/www.jetuil.asso.fr\/wp-content\/uploads\/2021\/01\/logoJTL-fl\u00e8ches.jpg\" alt=\"\" class=\"wp-image-5588\"\/><\/figure><\/div>\n\n\n\n<div style=\"height:30px\" aria-hidden=\"true\" class=\"wp-block-spacer\"><\/div>\n\n\n\n<p class=\"has-text-align-center jetuil_width80 jetuil_font27\"><strong>Contenu de la formation<\/strong> <\/p>\n\n\n\n<div style=\"height:50px\" aria-hidden=\"true\" class=\"wp-block-spacer\"><\/div>\n\n\n\n<div class=\"wp-block-columns jetuil_width80\">\n<div class=\"wp-block-column\">\n<p class=\"jetuil_font21\"><strong>Premi\u00e8re journ\u00e9e :&nbsp;<\/strong><\/p>\n\n\n\n<ul><li>Pr\u00e9sentation de l\u2019association \u00ab je.tu.il&#8230; \u00bb <\/li><li>Tour de table<\/li><\/ul>\n\n\n\n<p>Cette premi\u00e8re journ\u00e9e sera ensuite consacr\u00e9e \u00e0 la th\u00e9matique de&nbsp;<strong>l\u2019\u00c9ducation \u00e0 la responsabilit\u00e9 sexuelle, affective et citoyenne<\/strong>. <\/p>\n\n\n\n<ul><li><strong>Citoyennet\u00e9 et engagement :&nbsp;<\/strong>En quoi la citoyennet\u00e9 est en lien avec la question de la sexualit\u00e9 et de la responsabilit\u00e9.<\/li><\/ul>\n\n\n\n<ul><li><strong>La responsabilit\u00e9&nbsp;<\/strong>:&nbsp;<em>\u00ab La responsabilit\u00e9 soude l&#8217;\u00eatre et l&#8217;agir \u00bb.&nbsp;<\/em>La notion de responsabilit\u00e9, constitutive de la vie en soci\u00e9t\u00e9, valeur morale et principe juridique.<\/li><\/ul>\n\n\n\n<ul><li><strong>La maturit\u00e9.&nbsp;<\/strong><\/li><\/ul>\n\n\n\n<ul><li><strong>La sexualit\u00e9 : un chemin vers l\u2019alt\u00e9rit\u00e9.<\/strong><\/li><\/ul>\n\n\n\n<ul><li><strong>Les diff\u00e9rents points l\u00e9gislatifs&nbsp;<\/strong>n\u00e9cessaires \u00e0 conna\u00eetre.<\/li><\/ul>\n\n\n\n<ul><li><strong>Les points clefs de l\u2019adolescence&nbsp;<\/strong>:&nbsp;<strong>c\u2019est quoi \u00eatre une fille ? c\u2019est quoi \u00eatre un gar\u00e7on ?<\/strong><\/li><\/ul>\n\n\n\n<ul><li><strong>La construction de l\u2019identit\u00e9 sexu\u00e9e<\/strong>.<\/li><\/ul>\n\n\n\n<ul><li><strong>\u00c9ducation \u00e0 la sexualit\u00e9 et comp\u00e9tences psycho-sociales.<\/strong><\/li><\/ul>\n\n\n\n<p><\/p>\n<\/div>\n\n\n\n<div class=\"wp-block-column\">\n<p class=\"jetuil_font21\"><strong>Deuxi\u00e8me journ\u00e9e : <\/strong><\/p>\n\n\n\n<p>Ce qu\u2019il convient de mettre au travail&nbsp;<strong>pour \u00eatre au plus pr\u00e8s des pr\u00e9occupations des jeunes dans le cadre de l\u2019\u00e9ducation \u00e0 la responsabilit\u00e9 sexuelle et affective.<\/strong><\/p>\n\n\n\n<ul id=\"block-4852b27f-f4f4-4f4e-ae7d-f20bb0fb84ce\"><li><strong>D\u00e9couverte du programme audiovisuel<\/strong><\/li><\/ul>\n\n\n\n<ul><li><strong>Les films et leur d\u00e9cryptage.<\/strong><\/li><\/ul>\n\n\n\n<ul><li><strong>L\u2019Introduction&nbsp;<\/strong>: qu\u2019est-ce qui est le plus important \u00e0 l\u2019adolescence ?<\/li><\/ul>\n\n\n\n<ul><li><strong>Le Film 1&nbsp;<\/strong>: les questions sp\u00e9cifiques : le masculin, le f\u00e9minin, les st\u00e9r\u00e9otypes, les \u00e9motions \u00e0 l\u2019adolescence (communes \u00e0 tous les \u00eatres humains). L\u2019expression des \u00e9motions: diff\u00e9rentes selon les cultures, les familles. Diff\u00e9rence entre \u00e9motion et sentiment.&nbsp;<strong>Le d\u00e9veloppement \u00e9motionnel&nbsp;<\/strong>&#8211;&nbsp;<strong>\u00c9motion et estime de soi.<\/strong><\/li><\/ul>\n\n\n\n<ul><li><strong>Le Film 2 :&nbsp;<\/strong>La relation \u00e0 l\u2019autre que ce soit le sentiment amoureux, l\u2019amiti\u00e9, la confiance, la trahison, la relation aux parents, aux professeurs, \u00e0 l\u2019autorit\u00e9.&nbsp;<strong>Le conflit de loyaut\u00e9.<\/strong><\/li><\/ul>\n\n\n\n<ul><li><strong>Le Film 3&nbsp;<\/strong>: Le recours \u00e0 l\u2019adulte, aux amis, la solidarit\u00e9.&nbsp;<strong>L\u2019engagement dans la relation<\/strong>, l\u2019engagement dans la communaut\u00e9. Le consentement. Le sentiment de culpabilit\u00e9.<\/li><\/ul>\n<\/div>\n\n\n\n<div class=\"wp-block-column\">\n<p class=\"jetuil_font21\"><strong>Troisi\u00e8me journ\u00e9e<\/strong> :<\/p>\n\n\n\n<p>(3 \u00e0 4 semaines plus tard)<\/p>\n\n\n\n<p><strong>Mener des espaces d\u2019\u00e9changes avec des adolescents, un accompagnement \u00e0 la maturation.<\/strong><\/p>\n\n\n\n<ul><li><strong>Pourquoi proposer un espace d\u2019\u00e9change collectif.<\/strong><\/li><\/ul>\n\n\n\n<ul><li><strong>La conduite des animations :&nbsp;<\/strong>Techniques, objectifs, et difficult\u00e9s. Comment s\u2019adresser \u00e0 eux, mener un espace d\u2019\u00e9changes, \u00e0 partir de leurs pr\u00e9occupations, sans \u00eatre intrusif, pour les accompagner sur le chemin de l\u2019adolescence et rester garant des valeurs port\u00e9es par l\u2019\u00e9ducation \u00e0 la responsabilit\u00e9.<\/li><\/ul>\n\n\n\n<ul><li><strong>La construction des animations.<\/strong><\/li><\/ul>\n\n\n\n<ul><li><strong>La mise en place de l\u2019action et son portage.<\/strong><\/li><\/ul>\n\n\n\n<ul><li><strong>L\u2019\u00e9valuation de l\u2019action.<\/strong><\/li><\/ul>\n\n\n\n<p><\/p>\n\n\n\n<ul><li>Une <strong>\u00e9valuation<\/strong> de la formation par les participants viendra cl\u00f4turer la formation. La formation fera l\u2019objet d\u2019un bilan qui sera adress\u00e9 aux participants.<\/li><\/ul>\n<\/div>\n<\/div>\n\n\n\n<figure class=\"wp-block-table jetuil_width66 jetuil_font21 is-style-regular\"><table class=\"has-subtle-pale-blue-background-color has-fixed-layout has-background\"><tbody><tr><td class=\"has-text-align-center\" data-align=\"center\"><br>A l\u2019issue de la formation, les participants b\u00e9n\u00e9ficient d\u2019un&nbsp;<strong>abonnement<\/strong>&nbsp;gratuit d\u2019un an \u00e0 notre site internet, afin de permettre la mise en place des actions.<br><br>Des&nbsp;<strong>compl\u00e9ments&nbsp;p\u00e9dagogiques&nbsp;<\/strong>seront \u00e9galement propos\u00e9s sur le site de l\u2019association, qui s\u2019engage \u00e0 rester en lien avec les participant\u00b7e\u00b7s, notamment autour des questions que pourraient poser la mise en place et l\u2019animation des espaces d&#8217;\u00e9changes.<br><br><\/td><\/tr><\/tbody><\/table><\/figure>\n\n\n\n<div style=\"height:20px\" aria-hidden=\"true\" class=\"wp-block-spacer\"><\/div>\n\n\n\n<p class=\"has-text-align-center jetuil_width80 jetuil_font21\">La formation fera ensuite l\u2019objet d\u2019un <strong>bilan \u00e9crit<\/strong> qui sera adress\u00e9 \u00e0 l\u2019ensemble des participants.<\/p>\n\n\n\n<div style=\"height:30px\" aria-hidden=\"true\" class=\"wp-block-spacer\"><\/div>\n\n\n\n<div class=\"wp-block-file aligncenter jetuil_width80 jetuil_font21\"><a href=\"https:\/\/www.jetuil.asso.fr\/wp-content\/uploads\/2026\/04\/Deroule-2025-formation-EN-VISAGE-1.pdf\" target=\"_blank\" rel=\"noreferrer noopener\">Consultez le d\u00e9roul\u00e9 complet de la Formation EN VISAGE<\/a><a href=\"https:\/\/www.jetuil.asso.fr\/wp-content\/uploads\/2026\/04\/Deroule-2025-formation-EN-VISAGE-1.pdf\" class=\"wp-block-file__button\" download>T\u00e9l\u00e9charger<\/a><\/div>\n\n\n\n<div style=\"height:30px\" aria-hidden=\"true\" class=\"wp-block-spacer\"><\/div>\n\n\n\n<div class=\"wp-block-image\"><figure class=\"aligncenter size-large\"><img loading=\"lazy\" src=\"https:\/\/www.jetuil.asso.fr\/wp-content\/uploads\/2021\/01\/logoJTL-traits-e1614958310385.jpg\" alt=\"\" class=\"wp-image-5586\" width=\"NaN\" height=\"NaN\"\/><\/figure><\/div>\n\n\n\n<div style=\"height:30px\" aria-hidden=\"true\" class=\"wp-block-spacer\"><\/div>\n\n\n\n<p class=\"jetuil_width80 jetuil_font21\"><strong>M\u00e9thode p\u00e9dagogique :&nbsp;<\/strong>Comme pour l\u2019ensemble des formations propos\u00e9es par l\u2019association,&nbsp;<strong>la formation \u00ab&nbsp;EN VISAGE&nbsp;\u00bb s\u2019appuiera sur un programme<\/strong>, \u00e0 la fois pour en \u00e9prouver la p\u00e9dagogie et&nbsp;pour clarifier l\u2019ensemble des questions \u00e0 traiter. Elle s&#8217;appuiera \u00e9galement sur&nbsp;<strong>des documents p\u00e9dagogiques<\/strong> et&nbsp;<strong>des outils audiovisuels<\/strong>&nbsp;(interventions de professionnels, documentaires, extraits) con\u00e7us par l\u2019association. <\/p>\n\n\n\n<div style=\"height:20px\" aria-hidden=\"true\" class=\"wp-block-spacer\"><\/div>\n\n\n\n<p class=\"jetuil_width80 jetuil_font21\"><strong>Lieu de la formation :&nbsp;<\/strong>Nos formations se d\u00e9roulent sur site, \u00e0 la demande des structures et uniquement en pr\u00e9sentiel. <\/p>\n\n\n\n<div style=\"height:20px\" aria-hidden=\"true\" class=\"wp-block-spacer\"><\/div>\n\n\n\n<p class=\"jetuil_width80 jetuil_font21\"><strong>Nos tarifs<\/strong> varient selon le lieu choisi pour la formation. Un devis peut vous \u00eatre envoy\u00e9 sous 24h sur simple demande. <\/p>\n\n\n\n<div style=\"height:20px\" aria-hidden=\"true\" class=\"wp-block-spacer\"><\/div>\n\n\n\n<div class=\"wp-block-buttons aligncenter\">\n<div class=\"wp-block-button jetuil_width66 is-style-fill\"><a class=\"wp-block-button__link has-pale-cyan-blue-background-color has-background\" href=\"https:\/\/www.jetuil.asso.fr\/index.php\/nous-contacter\/\" target=\"_blank\" rel=\"noreferrer noopener\"><strong>Nous contacter<\/strong><\/a><\/div>\n<\/div>\n\n\n\n<div style=\"height:50px\" aria-hidden=\"true\" class=\"wp-block-spacer\"><\/div>\n\n\n\n<figure class=\"wp-block-gallery aligncenter columns-3 is-cropped\"><ul class=\"blocks-gallery-grid\"><li class=\"blocks-gallery-item\"><figure><img loading=\"lazy\" width=\"1024\" height=\"573\" src=\"https:\/\/www.jetuil.asso.fr\/wp-content\/uploads\/2019\/09\/F2-\u00e9cran7-1024x573.jpg\" alt=\"\" data-id=\"1418\" data-full-url=\"https:\/\/www.jetuil.asso.fr\/wp-content\/uploads\/2019\/09\/F2-\u00e9cran7.jpg\" data-link=\"https:\/\/www.jetuil.asso.fr\/f2-ecran7\/\" class=\"wp-image-1418\" srcset=\"https:\/\/www.jetuil.asso.fr\/wp-content\/uploads\/2019\/09\/F2-\u00e9cran7-1024x573.jpg 1024w, https:\/\/www.jetuil.asso.fr\/wp-content\/uploads\/2019\/09\/F2-\u00e9cran7-300x168.jpg 300w, https:\/\/www.jetuil.asso.fr\/wp-content\/uploads\/2019\/09\/F2-\u00e9cran7-768x430.jpg 768w, https:\/\/www.jetuil.asso.fr\/wp-content\/uploads\/2019\/09\/F2-\u00e9cran7-600x336.jpg 600w\" sizes=\"(max-width: 1024px) 100vw, 1024px\" \/><\/figure><\/li><li class=\"blocks-gallery-item\"><figure><img loading=\"lazy\" width=\"1024\" height=\"576\" src=\"https:\/\/www.jetuil.asso.fr\/wp-content\/uploads\/2019\/09\/F2-\u00e9cran2-1024x576.jpg\" alt=\"\" data-id=\"1416\" data-full-url=\"https:\/\/www.jetuil.asso.fr\/wp-content\/uploads\/2019\/09\/F2-\u00e9cran2.jpg\" data-link=\"https:\/\/www.jetuil.asso.fr\/f2-ecran2\/\" class=\"wp-image-1416\" srcset=\"https:\/\/www.jetuil.asso.fr\/wp-content\/uploads\/2019\/09\/F2-\u00e9cran2-1024x576.jpg 1024w, https:\/\/www.jetuil.asso.fr\/wp-content\/uploads\/2019\/09\/F2-\u00e9cran2-300x169.jpg 300w, https:\/\/www.jetuil.asso.fr\/wp-content\/uploads\/2019\/09\/F2-\u00e9cran2-768x432.jpg 768w, https:\/\/www.jetuil.asso.fr\/wp-content\/uploads\/2019\/09\/F2-\u00e9cran2-600x338.jpg 600w\" sizes=\"(max-width: 1024px) 100vw, 1024px\" \/><\/figure><\/li><li class=\"blocks-gallery-item\"><figure><img loading=\"lazy\" width=\"1024\" height=\"573\" src=\"https:\/\/www.jetuil.asso.fr\/wp-content\/uploads\/2019\/09\/F2-\u00e9cran5-1024x573.jpg\" alt=\"\" data-id=\"1413\" data-full-url=\"https:\/\/www.jetuil.asso.fr\/wp-content\/uploads\/2019\/09\/F2-\u00e9cran5.jpg\" data-link=\"https:\/\/www.jetuil.asso.fr\/f2-ecran5\/\" class=\"wp-image-1413\" srcset=\"https:\/\/www.jetuil.asso.fr\/wp-content\/uploads\/2019\/09\/F2-\u00e9cran5-1024x573.jpg 1024w, https:\/\/www.jetuil.asso.fr\/wp-content\/uploads\/2019\/09\/F2-\u00e9cran5-300x168.jpg 300w, https:\/\/www.jetuil.asso.fr\/wp-content\/uploads\/2019\/09\/F2-\u00e9cran5-768x430.jpg 768w, https:\/\/www.jetuil.asso.fr\/wp-content\/uploads\/2019\/09\/F2-\u00e9cran5-600x336.jpg 600w\" sizes=\"(max-width: 1024px) 100vw, 1024px\" \/><\/figure><\/li><\/ul><\/figure>\n\n\n\n<div style=\"height:50px\" aria-hidden=\"true\" class=\"wp-block-spacer\"><\/div>\n\n\n\n<p class=\"has-text-align-center jetuil_width80 jetuil_font21\"><strong><a href=\"https:\/\/www.jetuil.asso.fr\/index.php\/en-visage\/\" target=\"_blank\" rel=\"noreferrer noopener\">Le programme EN VISAGE<\/a><\/strong><\/p>\n\n\n\n<div style=\"height:20px\" aria-hidden=\"true\" class=\"wp-block-spacer\"><\/div>\n\n\n<div class=\"jetuil-programme-teaser\">\n        <video controls poster=\"https:\/\/www.jetuil.asso.fr\/wp-content\/uploads\/videos_jetuil\/programmes\/en_visage\/teaser.jpg\">\n        \t\t<source src=\"https:\/\/www.jetuil.asso.fr\/wp-content\/uploads\/videos_jetuil\/programmes\/en_visage\/teaser.mp4\"\/>\n        <\/video>\n<\/div>\n\n\n\n\n<div style=\"height:50px\" aria-hidden=\"true\" class=\"wp-block-spacer\"><\/div>\n\n\n\n<div class=\"wp-block-image\"><figure class=\"aligncenter size-large\"><img loading=\"lazy\" width=\"135\" height=\"120\" src=\"https:\/\/www.jetuil.asso.fr\/wp-content\/uploads\/2021\/01\/logoJTL-spirale.jpg\" alt=\"\" class=\"wp-image-5587\"\/><\/figure><\/div>\n","protected":false},"excerpt":{"rendered":"<p>Destinataires Professionnels de l\u2019\u00e9ducation, qu\u2019ils soient issus de l\u2019Education Nationale, de la Protection judiciaire de la jeunesse ou des associations, susceptibles d&#8217;intervenir aupr\u00e8s de jeunes de 12 \u00e0 15 ans (20 personnes maximum). Objectif p\u00e9dagogique R\u00e9unir des professionnels de l\u2019\u00e9ducation, de la pr\u00e9vention et de la protection de l\u2019adolescence autour des questions soulev\u00e9es par la [&hellip;]<\/p>\n","protected":false},"author":2,"featured_media":0,"parent":0,"menu_order":0,"comment_status":"closed","ping_status":"closed","template":"","meta":[],"_links":{"self":[{"href":"https:\/\/www.jetuil.asso.fr\/index.php\/wp-json\/wp\/v2\/pages\/7909"}],"collection":[{"href":"https:\/\/www.jetuil.asso.fr\/index.php\/wp-json\/wp\/v2\/pages"}],"about":[{"href":"https:\/\/www.jetuil.asso.fr\/index.php\/wp-json\/wp\/v2\/types\/page"}],"author":[{"embeddable":true,"href":"https:\/\/www.jetuil.asso.fr\/index.php\/wp-json\/wp\/v2\/users\/2"}],"replies":[{"embeddable":true,"href":"https:\/\/www.jetuil.asso.fr\/index.php\/wp-json\/wp\/v2\/comments?post=7909"}],"version-history":[{"count":127,"href":"https:\/\/www.jetuil.asso.fr\/index.php\/wp-json\/wp\/v2\/pages\/7909\/revisions"}],"predecessor-version":[{"id":10529,"href":"https:\/\/www.jetuil.asso.fr\/index.php\/wp-json\/wp\/v2\/pages\/7909\/revisions\/10529"}],"wp:attachment":[{"href":"https:\/\/www.jetuil.asso.fr\/index.php\/wp-json\/wp\/v2\/media?parent=7909"}],"curies":[{"name":"wp","href":"https:\/\/api.w.org\/{rel}","templated":true}]}}