{"id":3919,"date":"2020-10-21T12:54:39","date_gmt":"2020-10-21T10:54:39","guid":{"rendered":"https:\/\/www.jetuil.asso.fr\/?post_type=product&#038;p=3919"},"modified":"2020-10-22T15:17:36","modified_gmt":"2020-10-22T13:17:36","slug":"ce-jeu-entre-nous","status":"publish","type":"product","link":"https:\/\/www.jetuil.asso.fr\/index.php\/produit\/ce-jeu-entre-nous\/","title":{"rendered":"DVD Ce Je(u) entre nous (2014)"},"content":{"rendered":"\n<div style=\"height:30px\" aria-hidden=\"true\" class=\"wp-block-spacer\"><\/div>\n\n\n\n<div class=\"wp-block-media-text alignwide\" style=\"grid-template-columns:27% auto\"><figure class=\"wp-block-media-text__media\"><img loading=\"lazy\" width=\"696\" height=\"1024\" src=\"https:\/\/www.jetuil.asso.fr\/wp-content\/uploads\/2019\/09\/pochette-dvd-Ce-Je-e1568908982332-696x1024.jpg\" alt=\"\" class=\"wp-image-804\"\/><\/figure><div class=\"wp-block-media-text__content\">\n<p class=\"jetuil_width80 jetuil_font27 jetuil_liedevin_dark\"><strong>SUSCITER LA CURIOSIT\u00c9 DE COMPRENDRE ET LE D\u00c9SIR DE SAVOIR&#8230;<\/strong><\/p>\n\n\n\n<p class=\"jetuil_width80 jetuil_font27 jetuil_liedevin_dark\">Ce programme audiovisuel d&#8217;\u00e9ducation \u00e0 la responsabilit\u00e9 sexuelle et affective dans un but de pr\u00e9vention des conduites \u00e0 risque est tout \u00e0 la fois un programme d&#8217;intervention, qu&#8217;un support de formation pour les professionnels des structures \u00e9ducatives, sanitaires et judiciaires.<\/p>\n\n\n\n<p class=\"jetuil_width80 jetuil_font27 jetuil_liedevin_dark\"><strong>EN DIRECTION DES JEUNES \u00c0 PARTIR DE 15 ANS<\/strong><\/p>\n\n\n\n<p class=\"jetuil_width80 jetuil_font27 jetuil_liedevin_dark\"><a href=\"https:\/\/www.jetuil.asso.fr\/index.php\/ce-jeu-entre-nous\/\">Voir la fiche compl\u00e8te, le teaser ainsi que la mosa\u00efque de connaissances. <\/a><\/p>\n<\/div><\/div>\n\n\n\n<div style=\"height:50px\" aria-hidden=\"true\" class=\"wp-block-spacer\"><\/div>\n","protected":false},"excerpt":{"rendered":"<ul>\n<li>Acc\u00e8s aux films et \u00e0 la mosa\u00efque de connaissances<\/li>\n<li>Livret p\u00e9dagogique inclus<\/li>\n<li>Droits de diffusion dans le cadre institutionnel<\/li>\n<li>Un mois d&#8217;abonnement offert, \u00e0 titre individuel, \u00e0 notre plateforme de streaming<\/li>\n<li>Frais de port inclus<\/li>\n<\/ul>\n","protected":false},"featured_media":0,"comment_status":"closed","ping_status":"closed","template":"","meta":[],"_links":{"self":[{"href":"https:\/\/www.jetuil.asso.fr\/index.php\/wp-json\/wp\/v2\/product\/3919"}],"collection":[{"href":"https:\/\/www.jetuil.asso.fr\/index.php\/wp-json\/wp\/v2\/product"}],"about":[{"href":"https:\/\/www.jetuil.asso.fr\/index.php\/wp-json\/wp\/v2\/types\/product"}],"replies":[{"embeddable":true,"href":"https:\/\/www.jetuil.asso.fr\/index.php\/wp-json\/wp\/v2\/comments?post=3919"}],"wp:attachment":[{"href":"https:\/\/www.jetuil.asso.fr\/index.php\/wp-json\/wp\/v2\/media?parent=3919"}],"curies":[{"name":"wp","href":"https:\/\/api.w.org\/{rel}","templated":true}]}}